5. List the prime factors of 6/(n/38 + 4).
2, 19
Suppose -55 = -4*h - 35. Suppose -h*a + 3*b + 364 = -b, -160 = -2*a - 2*b. What are the prime factors of a?
2, 19
Let z = -3267 + 5738. List the prime factors of z.
7, 353
Let n(l) = l**2 - 10*l + 4. Let d be n(10). Let x = d + 1. Suppose -2*t + 37 = a + t, -x*t = 4*a - 127. What are the prime factors of a?
2, 7
Let a = -34 + 52. Suppose k - 3*k + 7 = 3*q, 3*k = 3*q + a. Suppose -k*t = -2*t - 27. List the prime factors of t.
3
List the prime factors of 249 - 10 - -13 - (-1 + 0).
11, 23
Let n(c) = -c**3 + c**2 - 6*c + 46. Let h be n(0). Suppose 0 = -h*r + 43*r + 762. List the prime factors of r.
2, 127
Suppose 0 = 5*z + 3*i - 204, -3*i = -3*z - i + 111. Let q = 5 + -2. Suppose -a - 52 = -q*n, -3*a + 8*a + z = 2*n. List the prime factors of n.
17
Suppose 56*k = 26*k + 26820. List the prime factors of k.
2, 3, 149
Let b(d) = -d**3 + 14*d**2 - 12*d - 10. Let z be b(13). Let w(v) = 4*v**z - 19*v - 5 - 3*v**3 + 9*v + 2*v**2. List the prime factors of w(-4).
3
Let n(c) = -17*c - 170. List the prime factors of n(-39).
17, 29
Suppose -248 = -2*i - 4*v, -i = -v + 2*v - 123. Suppose 4*p - 274 = -o, -p + i - 43 = -5*o. List the prime factors of p.
3, 23
Suppose 1664 = 9*u - 1207. List the prime factors of u.
11, 29
Suppose 0 = 248*r - 227*r - 81585. List the prime factors of r.
3, 5, 7, 37
Let f(d) = -243*d**3 - d**2 + 2*d + 3. List the prime factors of f(-2).
7, 277
Suppose 0 = -2*y + 5 - 1. Suppose 0 = 4*t + 4*r - 0*r - 124, t - y*r - 46 = 0. Let k = t - 9. What are the prime factors of k?
3
Suppose 5*k - 155 = 5*x, 2*x + 4*k + 18 + 62 = 0. Let g be 15*(x/(-10) - 3). Suppose a + 45 = g*a. What are the prime factors of a?
3
Suppose 3*b = 2*b - 4, -1357 = -j - 2*b. What are the prime factors of j?
3, 5, 7, 13
Let f = 14 + -8. Let w = 13 - f. Let b = 1 + w. List the prime factors of b.
2
Suppose -15*w + 6*w = 27. Let b be ((-21)/(-6))/(1/54). List the prime factors of (-2)/w*b/6.
3, 7
Let w = 65 + 10. Let t = -2 + w. What are the prime factors of t?
73
Suppose 4*p = 3*l + 159, p + 4*l - 54 = -0*p. Let z be 102/(-18)*(1 + -28). Suppose p + z = 5*v. List the prime factors of v.
3, 13
Let i(p) = -8*p - 17. Let b = -12 - -3. List the prime factors of i(b).
5, 11
Suppose 115367 = 123*l - 45148. What are the prime factors of l?
3, 5, 29
Let o = 124 - -1366. List the prime factors of o.
2, 5, 149
Let n(k) = -k**2 + 2*k + 40. Let f be n(-5). List the prime factors of (-6162)/(-65)*f/2.
3, 79
List the prime factors of (14/6)/(3/954).
2, 7, 53
Let p = 3272 - -453. List the prime factors of p.
5, 149
Let f(c) = c**2 - 3*c + 7. Let h be f(3). Let i(p) = p**2 - 6*p - 2. Let k be i(h). Suppose -k = -v + 17. What are the prime factors of v?
2, 11
Let f = 23 + -19. Suppose c = -c + f. Suppose -s - c*s = -105. What are the prime factors of s?
5, 7
List the prime factors of 1*((-1)/(-3) - 14602/(-42)).
2, 3, 29
Suppose t + 5*h = -561 + 3615, t - 3*h - 3078 = 0. What are the prime factors of t?
3, 11, 31
List the prime factors of (15 - -1)*95*(-8)/(-160).
2, 19
Suppose -3*k = 4*r - 109, -5*r + 0*r = -k + 68. List the prime factors of k.
43
Let o = -3981 - -8612. What are the prime factors of o?
11, 421
Suppose -d - 3 = 2*f - 0*d, 12 = -2*f - 4*d. Suppose f = 2*y + 45 - 351. List the prime factors of y.
3, 17
List the prime factors of (592 - -1) + (-4)/4.
2, 37
Let v be 1025/15 + 4/6. Suppose -4*d = -v - 155. List the prime factors of d.
2, 7
Let i = -13 + 18. Suppose 2*j = 65 + i. Suppose 5*f + j = k, 3*f = 3*k + 2*f - 35. What are the prime factors of k?
2, 5
Let m(q) = -q**2 - 8*q - 5. Let b be m(-7). Suppose b*k - 232 = -2*k. Suppose -k = 4*r - 278. List the prime factors of r.
5, 11
Suppose 4060 = -36*a + 13204. List the prime factors of a.
2, 127
Suppose -m - 3*s = -2058, -5*m + 7*m - 3*s - 4107 = 0. List the prime factors of m.
3, 5, 137
Let l(s) = s**3 - 3*s**2 - 3*s - 7. Let t be l(4). What are the prime factors of 5/(-15)*t + 316?
317
Let k(g) = -2*g**3 - 2*g**2 - 2*g - 1. Let d be k(-1). Suppose -2*z + d = -1. Suppose -7 + z = -u. List the prime factors of u.
2, 3
Let v = -665 + 1287. What are the prime factors of v?
2, 311
Suppose -14*g + 5281 + 2727 = 0. List the prime factors of g.
2, 11, 13
Suppose -5*p + 5*f + 4309 = 2*f, -5*p + 4285 = 5*f. What are the prime factors of p?
2, 5, 43
Let h = -129 - -115. Let z(s) be the second derivative of -s**3/3 + 10*s**2 + 2*s. What are the prime factors of z(h)?
2, 3
Let j be ((-3)/(-18)*-4)/((-8)/420). What are the prime factors of (j/25 + -1)/(2/20)?
2
Let u(s) be the second derivative of 11*s**3/3 - 3*s**2 - 8*s. List the prime factors of u(3).
2, 3, 5
Suppose -24*j + 23*j + 4 = 0. Suppose 2*d = i - 9, 3 = -0*i + i + d. Suppose t = 4*p + 9, i*t - j*p = -0*t + 109. What are the prime factors of t?
5
Let w = -838 - -2314. What are the prime factors of w?
2, 3, 41
Let w(b) = 41*b**2 + 8*b - 14. What are the prime factors of w(2)?
2, 83
Suppose -14*l + 17*l = 2079. Suppose 15 = -6*r + l. What are the prime factors of r?
113
Let x(l) = l**2 - 6*l - 6. Let u be 40/6 + 4/12. Let t be x(u). What are the prime factors of 2/2*(15 + t)?
2
Suppose -3 = 2*o + 3*y - 39, -40 = -2*o - 5*y. Let b = -13 + o. Suppose 0 = -b*h - 4*j - 25 + 83, 5*j + 142 = 4*h. List the prime factors of h.
3, 11
Let c(q) be the third derivative of q**4/8 - 2*q**3 + 3*q**2. What are the prime factors of c(5)?
3
Let l(j) = 8*j + 16 - 7 + j + j**2 + 0*j. What are the prime factors of l(-9)?
3
Let g(v) = -88*v - 134. List the prime factors of g(-7).
2, 241
List the prime factors of 28/14*(-2187)/(-6).
3
Let q(n) = 268*n**2 - 5*n - 5. List the prime factors of q(-1).
2, 67
Let a = -11 + 15. Let w be (1/3)/(a/36). Suppose -w*v = -5*g + 89, 4*g + 5*v - 98 = -12. List the prime factors of g.
19
Let i(a) = -9*a - 5. Suppose 24 = -5*b - 1. List the prime factors of i(b).
2, 5
Suppose 5*c + 3*w + 32 = 4700, -4*c + 3*w + 3756 = 0. Suppose 3*s + 333 = c. What are the prime factors of s?
3, 67
Let m be 8/2 - (-15)/5. Suppose m*q = 3*q + 116. What are the prime factors of q?
29
Suppose -7*y = -4*y - 3348. Suppose -2*l - 10*l = -y. List the prime factors of l.
3, 31
Suppose 0 = -3*p - 8*o + 15045 - 1760, 4*o + 4435 = p. What are the prime factors of p?
3, 7, 211
Let s = 2153 + -763. What are the prime factors of s?
2, 5, 139
What are the prime factors of (4446/(-24))/(4 + 51/(-12))?
3, 13, 19
Let k be (-1)/6 + 3761/(-6). Let n = -412 - k. What are the prime factors of n?
5, 43
Suppose 3*u + 2*y + 4 = 0, 5*u - 4*y = u + 8. Suppose -5*i + 148 + 212 = 0. Suppose -4*r - i + 192 = u. What are the prime factors of r?
2, 3, 5
Let z = 1872 - 1118. What are the prime factors of z?
2, 13, 29
Let y = 13 - 9. Suppose 0 = -y*s - 3*c + 275, s + 5*c - 198 = -2*s. What are the prime factors of s?
71
Let r(f) = f**3 - 11*f**2 + f + 8. Suppose 6*j - 12 = 3*j. Suppose j - 48 = -4*u. What are the prime factors of r(u)?
19
Let n = 136 - 123. What are the prime factors of n?
13
Let f = -27 + 69. Suppose 48 + f = 5*p. Suppose 8*h - 2*h = p. What are the prime factors of h?
3
Let b(l) be the third derivative of l**5/30 + l**4/12 - 3*l**3/2 + l**2. Suppose 0 = -5*v - 20, -2*v = -5*d + v - 13. What are the prime factors of b(d)?
31
Let s = -2889 - -5279. What are the prime factors of s?
2, 5, 239
Let i(u) = -u**3 - 5*u**2 + 5*u - 3. Let l be i(-6). Suppose -l*h + 19 + 35 = 0. What are the prime factors of 212/h + (-6)/(-27)?
2, 3
Let h(s) = s + 19. Let n be h(-13). Suppose -15 = -n*p + 3*p. Suppose -x - 4*i - 1 = 0, -p*i + 29 = 4*x - 11. List the prime factors of x.
3, 5
Suppose v = u - 61, 134 = u + u - 5*v. What are the prime factors of u?
3, 19
Let x(l) = -l**3 - 8*l**2 - 1. Let h be x(-8). Let z be (-2)/(h/(-3)*-3). Suppose -5*v + 93 = -z*v. What are the prime factors of v?
31
Suppose 2*n = -4*r + 10, 2*n - 5*n - 2*r = -15. Let z be 2/(-6) + (-502)/(-3). Suppose -z = -4*y + n. What are the prime factors of y?
43
Let g = -1055 - -1771. List the prime factors of g.
2, 179
Suppose 6*a + 2*g - 161 = a, -4*g - 8 = 0. Suppose a - 143 = 5*j. What are the prime factors of (-2)/(-2 - 42/j)?
2, 11
Let f be (-1 + -1)*(-113)/2. Let x(b) = 11*b + 10. Let c be x(-7). Let y = c + f. What are the prime factors of y?
2, 23
Suppose -9*q + 90 = -14*q. Let b = q